 number?
False
Is 280853 composite?
True
Is 391217 prime?
True
Is 238366991 composite?
False
Is 5283167 a composite number?
False
Is 4174501 composite?
False
Is 56832799 a composite number?
True
Is 13983967 a prime number?
True
Is 425834 composite?
True
Is 395252219 a composite number?
False
Is 42739 a prime number?
False
Is 9729507 a prime number?
False
Is 338919622 a composite number?
True
Is 1921033 a composite number?
True
Is 2822791 composite?
False
Is 861131 a prime number?
True
Is 19041443 a composite number?
False
Is 10119271 prime?
False
Is 11095423 a composite number?
False
Is 9835247 a prime number?
True
Is 36673289 a composite number?
False
Is 457994203 prime?
True
Is 114389609 a composite number?
False
Is 323356263 a composite number?
True
Is 179128277 a composite number?
True
Is 4091069 a prime number?
True
Is 22469 a prime number?
True
Is 16775893 a prime number?
True
Is 67590821 a composite number?
False
Is 1875403 a prime number?
True
Is 895381301 prime?
True
Is 3942647 prime?
True
Is 6512613 a prime number?
False
Is 19194685 prime?
False
Is 291417631 a composite number?
False
Is 19586509 prime?
False
Is 870797 a prime number?
False
Is 466177 prime?
False
Is 545773 a composite number?
False
Is 234588011 composite?
True
Is 13297142 a composite number?
True
Is 68039903 a prime number?
True
Is 10894067 composite?
True
Is 400753 composite?
False
Is 1243043 a composite number?
True
Is 72201911 a prime number?
False
Is 877717 prime?
False
Is 375904769 a composite number?
True
Is 399313445 a prime number?
False
Is 7986893 a composite number?
False
Is 23950007 a composite number?
True
Is 172646479 prime?
False
Is 4222367 prime?
True
Is 18480269 prime?
True
Is 25166411 composite?
False
Is 621937 composite?
False
Is 29803801 a prime number?
True
Is 1919498531 a prime number?
False
Is 61541813 a prime number?
False
Is 167865349 composite?
False
Is 67263931 a composite number?
True
Is 203428891 composite?
True
Is 3472037 composite?
True
Is 104895935 a composite number?
True
Is 31773779 a prime number?
True
Is 4115201 a prime number?
True
Is 10626563 composite?
False
Is 1533067 composite?
True
Is 1500049 composite?
True
Is 71469745 a prime number?
False
Is 1655807 prime?
True
Is 205735013 a prime number?
False
Is 19327983 a prime number?
False
Is 8009513 prime?
True
Is 9997181 prime?
False
Is 41587961 prime?
False
Is 56611421 a composite number?
False
Is 839 a prime number?
True
Is 139487011 composite?
True
Is 229416391 a composite number?
True
Is 394601 composite?
False
Is 828167 a prime number?
False
Is 974183 composite?
True
Is 59999185 a composite number?
True
Is 18595741 composite?
False
Is 1297349 a composite number?
False
Is 62276839 a prime number?
True
Is 2154727 composite?
False
Is 21912641 composite?
True
Is 29376059 composite?
False
Is 21099362 prime?
False
Is 4009273 a composite number?
True
Is 5616046 a composite number?
True
Is 440558 a prime number?
False
Is 17290909 a prime number?
False
Is 18978923 a prime number?
False
Is 749641 a prime number?
True
Is 3273653 composite?
True
Is 2044501 composite?
True
Is 187157 prime?
False
Is 9523673 composite?
False
Is 116461951 a prime number?
False
Is 51409691 composite?
False
Is 6216913 prime?
True
Is 131868403 a prime number?
True
Is 111152891 a prime number?
True
Is 13990943 prime?
True
Is 19996153 prime?
False
Is 7283369 a prime number?
False
Is 23017291 a prime number?
False
Is 12493421 a prime number?
True
Is 22366481 a prime number?
True
Is 53443091 composite?
True
Is 24935759 composite?
False
Is 5378867 a prime number?
False
Is 8795159 composite?
True
Is 112140437 a composite number?
False
Is 69006029 a composite number?
False
Is 20941355 a prime number?
False
Is 79824803 a prime number?
False
Is 511881 prime?
False
Is 1207429 prime?
True
Is 91179395 composite?
True
Is 12493357 composite?
False
Is 10413013 a prime number?
False
Is 1168619 composite?
False
Is 25784701 composite?
True
Is 564191 a composite number?
False
Is 18331721 a composite number?
False
Is 21570463 composite?
False
Is 13583569 a composite number?
False
Is 1615427303 composite?
True
Is 1414960879 a prime number?
True
Is 43057999 prime?
False
Is 39159517 prime?
False
Is 33610469 composite?
False
Is 48351287 composite?
True
Is 4249591 a composite number?
True
Is 1724903 a composite number?
True
Is 484187423 composite?
False
Is 324298937 prime?
True
Is 6189961 composite?
False
Is 109693487 prime?
False
Is 55609013 a prime number?
False
Is 2744447 composite?
False
Is 939881 a composite number?
False
Is 732275345 a composite number?
True
Is 32227109 composite?
False
Is 2666605 prime?
False
Is 208550041 prime?
False
Is 139181151 a prime number?
False
Is 81732029 prime?
True
Is 356042663 a composite number?
False
Is 50314827 prime?
False
Is 500297 a prime number?
False
Is 568877 prime?
True
Is 136536931 a composite number?
False
Is 16532171 prime?
False
Is 66999433 prime?
False
Is 26800259 composite?
False
Is 162956327 a prime number?
False
Is 47707 prime?
False
Is 27563777 a composite number?
True
Is 19689907 a composite number?
False
Is 56026106 a composite number?
True
Is 15720374 a prime number?
False
Is 165317149 a composite number?
False
Is 717257 a prime number?
False
Is 48893441 composite?
True
Is 5168837 prime?
True
Is 398009539 a composite number?
True
Is 400713 composite?
True
Is 32687587 prime?
True
Is 57940951 a prime number?
True
Is 14854721 composite?
True
Is 274615981 composite?
False
Is 56664761 prime?
True
Is 77328089 a composite number?
True
Is 14868019 composite?
False
Is 93047 a prime number?
True
Is 1081741 a prime number?
True
Is 3108779 a composite number?
False
Is 4710313 composite?
False
Is 2086717 prime?
False
Is 14455069 composite?
False
Is 3214171 prime?
True
Is 56010731 composite?
True
Is 38120209 a composite number?
False
Is 14630011 a prime number?
False
Is 177083579 a prime number?
True
Is 428248459 composite?
False
Is 44753203 prime?
False
Is 30454493 composite?
True
Is 115665077 a composite number?
True
Is 501039013 a prime number?
True
Is 37560421 a prime number?
True
Is 1424231 a prime number?
True
Is 3503729 prime?
False
Is 28487903 prime?
False
Is 1060951 composite?
True
Is 10817147 composite?
True
Is 4182637 composite?
True
Is 1328699 a composite number?
False
Is 26614691 a composite number?
False
Is 18605137 a composite number?
True
Is 315485959 a composite number?
False
Is 13526797 composite?
False
Is 523297 a composite number?
False
Is 171622943 prime?
True
Is 92584823 a composite number?
False
Is 6888619 prime?
True
Is 248471297 a composite number?
False
Is 199355003 prime?
True
Is 81927899 a prime number?
False
Is 2142641 a composite number?
False
Is 38651501 composite?
True
Is 70277045 prime?
False
Is 35499917 a composite number?
True
Is 389150231 prime?
False
Is 28616849 a prime number?
True
Is 34101691 a composite number?
True
Is 8378203 a composite number?
False
Is 212969 composite?
False
Is 6857161 composite?
False
Is 186807927 a prime number?
False
Is 43242931 a prime number?
True
Is 79343969 a composite number?
False
Is 11950899 a prime number?
False
Is 152357 composite?
True
Is 1193974687 a composite number?
True
Is 42410929 a composite number?
True
Is 703310977 a composite number?
False
Is 2492549 a prime number?
True
Is 4274005 prime?
False
Is 549001 prime?
True
Is 248198243 a prime number?
True
Is 1658705039 a composite number?
False
Is 6592343 a composite number?
False
Is 321600143 a composite number?
False
Is 386201917 a composite number?
False
Is 43727819 composite?
False
Is 20589661 a composite number?
True
Is 61046351 prime?
True
Is 596227 a prime number?
True
Is 11699399 a prime number?
True
Is 328327849 a prime number?
True
Is 330528871 a composite number?
False
Is 15124349 composite?
True
Is 413484193 prime?
True
Is 6106877 a composite number?
True
Is 100076023 a prime number?
True
Is 39459779 composite?
False
Is 97593 a composite number?
True
Is 472469 a composite number?
False
Is 3762607 composite?
True
Is 405163007 composite?
False
Is 1688347 a prime number?
False
Is 6205237 composite?
False
Is 4590851 a prime number?
False
Is 26712365 prime?
False
Is 117090335 a prime number?
False
Is 6375133 a composite number?
False
Is 52091341 composite?
T